{"id":94,"date":"2015-11-19T12:52:35","date_gmt":"2015-11-19T11:52:35","guid":{"rendered":"http:\/\/www.tkms.ch\/?page_id=94"},"modified":"2026-02-23T21:22:51","modified_gmt":"2026-02-23T20:22:51","slug":"mitglied-werden","status":"publish","type":"page","link":"https:\/\/www.tkms.ch\/index.php\/mitglied-werden\/","title":{"rendered":"Mitglied werden"},"content":{"rendered":"<p>Die Thurgauer Konferenz der Mittelschullehrpersonen (TKMS) ist eine Teilkonferenz von Bildung Thurgau und zugleich ein Kantonalverband des Vereins der Schweizerischen Gymnasiallehrerinnen und Gymnasiallehrer (VSG). Wir verstehen uns als Bindeglied zwischen kantonalen (Bildung Thurgau) und eidgen\u00f6ssischen (VSG) Verb\u00e4nden und sind bestrebt, den Informationsfluss zwischen den Verb\u00e4nden und unseren Mitgliedern zu gew\u00e4hrleisten, dies unter besonderer Ber\u00fccksichtigung der Anliegen der Mittelschulen.<br \/>\nDie TKMS bezweckt die Wahrung und F\u00f6rderung der Standes- und Bildungsinteressen ihrer Mitglieder.<\/p>\n<p><img loading=\"lazy\" decoding=\"async\" class=\"alignleft size-full wp-image-122\" src=\"https:\/\/www.tkms.ch\/wp-content\/uploads\/2015\/11\/TKMS_VSG_BITG_Organisation_400.png\" alt=\"TKMS_VSG_BITG_Organisation\" width=\"400\" height=\"241\" srcset=\"https:\/\/www.tkms.ch\/wp-content\/uploads\/2015\/11\/TKMS_VSG_BITG_Organisation_400.png 400w, https:\/\/www.tkms.ch\/wp-content\/uploads\/2015\/11\/TKMS_VSG_BITG_Organisation_400-300x181.png 300w\" sizes=\"auto, (max-width: 400px) 100vw, 400px\" \/>Als Kantonalverband des VSG k\u00f6nnen wir unsere Anliegen auf eidgen\u00f6ssischer Ebene einbringen. Ein Grossteil der Gesetzgebung und Rahmenbedingungen auf Stufe Sek II werden in diesem Rahmen entschieden (Stichworte MAR, EVAMAR II). Nur indem wir uns aktiv einbringen und uns vernetzen, werden wir auf dieser Ebene wahrgenommen.<br \/>\nZus\u00e4tzlich gibt es beim VSG die Fachverb\u00e4nde, bei denen man sich fachspezifisch austauschen kann. Zudem sind die Fachverb\u00e4nde des VSG f\u00fcr die Gestaltung der eidgen\u00f6ssischen Lehrpl\u00e4ne auf Mittelschulstufe massgebend.<\/p>\n<p>Weil die TKMS Kollektivmitglied beim VSG ist, ist mit der Mitgliedschaft bei der TKMS automatisch eine Mitgliedschaft beim VSG verbunden.<\/p>\n<p>Der Jahresbeitrag f\u00fcr die TKMS betr\u00e4gt Fr. 130.-. (TKMS Fr. 50, VSG Fr. Fr. 80.- f\u00fcr Kollektivmitgliedschaft; eine Mitgliedschaft bei nur einem der beiden Vereinigungen ist nicht m\u00f6glich). Dieser Betrag wird von der TKMS in Rechnung gestellt. In einer Mitgliedschaft bei der TKMS ist das Abonnement von Gymnasium Helveticum enthalten.<\/p>\n<p>Als Teilkonferenz von Bildung Thurgau sind wir Ansprech- und Vernehmlassungspartner der politischen Entscheidungstr\u00e4ger auf kantonaler Ebene und des Departements f\u00fcr Erziehung und Kultur auf der Mittelschulstufe. In dieser Funktion k\u00f6nnen wir die Anliegen unserer Schulstufe in den politischen Entscheidungsprozess einbringen. Wir befassen uns zudem mit p\u00e4dagogischen Fragestellungen.<\/p>\n<p><strong>Anmeldung zur TKMS-Mitgliedschaft<\/strong><\/p>\n<div style=\"display:none\" class=\"fm-form-container fm-theme25\"><div id=\"fm-pages10\" class=\"fm-pages wdform_page_navigation \" show_title=\"false\" show_numbers=\"true\" type=\"none\"><\/div><form name=\"form10\" action=\"\/index.php\/wp-json\/wp\/v2\/pages\/94\" method=\"post\" id=\"form10\" class=\"fm-form form10  \" enctype=\"multipart\/form-data\"><input type=\"hidden\" id=\"fm_page_id10\" value=\"94\" name=\"fm_page_id10\" \/><input type=\"hidden\" id=\"fm_current_post_type10\" value=\"page\" name=\"fm_current_post_type10\" \/><input type=\"hidden\" id=\"counter10\" value=\"9\" name=\"counter10\" \/><input type=\"hidden\" id=\"Itemid10\" value=\"\" name=\"Itemid10\" \/><input type=\"hidden\" id=\"fm_shake10\" value=\"1\" name=\"fm_shake10\" \/><input type=\"text\" class=\"fm-hide\" id=\"fm_empty_field_validation10\" value=\"\" name=\"fm_empty_field_validation10\" data-value=\"bd736efb144d599cf463541431fbf5c4\" \/><div class=\"wdform-page-and-images fm-form-builder\" style=\"display: table; border-top: 0px solid black; --darkreader-inline-border-top:#8c8273;\" data-darkreader-inline-border-top=\"\"><div id=\"10form_view1\" class=\"wdform_page\" page_title=\"Untitled page\" next_title=\"Next\" next_type=\"text\" next_class=\"wdform-page-button\" next_checkable=\"false\" previous_title=\"Previous\" previous_type=\"text\" previous_class=\"wdform-page-button\" previous_checkable=\"false\"><div class=\"wdform_section fm-col-1\"><div class=\"wdform_column\"><div wdid=\"1\" class=\"wdform_row\"><div type=\"type_name\" class=\"wdform-field wd-width-100 wd-flex wd-flex-row fm-type_name\" ><div class=\"wdform-label-section wd-width-30  wd-flex-row\" style=\"max-width: 100px;\">    <label  for=\"wdform_1_element_first10\" class=\"wdform-label\">Name:<\/label><span class=\"wdform-required\">*<\/span><\/div><div class=\"wdform-element-section wd-flex  wd-flex-row wd-width-70\" style=\"max-width: 100px;\"><div class=\"wd-flex wd-flex-column wd-width-50\"><input type=\"text\" class=\"wd-width-100\" id=\"wdform_1_element_first10\" name=\"wdform_1_element_first10\" data-value=\"\" value=\"\" title=\"\" placeholder=\"\"  \/><label class=\"mini_label\" for=\"wdform_1_element_first10\">Vorname<\/label><\/div><div class=\"wd-flex wd-flex-column wd-name-separator\"><\/div><div class=\"wd-flex wd-flex-column wd-width-50\"><input type=\"text\" class=\"wd-width-100\" id=\"wdform_1_element_last10\" name=\"wdform_1_element_last10\" data-value=\"\" value=\"\" title=\"\" placeholder=\"\"  \/><label class=\"mini_label\" for=\"wdform_1_element_last10\">Nachname<\/label><\/div><\/div><\/div><\/div><\/div><div class=\"wdform_column\"><div wdid=\"2\" class=\"wdform_row\"><div type=\"type_submitter_mail\" class=\"wdform-field wd-width-100 wd-flex wd-flex-row fm-type_submitter_mail\" ><div class=\"wdform-label-section wd-width-30  wd-flex-row\" style=\"max-width: 100px;\">    <label  for=\"wdform_2_element10\" class=\"wdform-label\">E-mail:<\/label><span class=\"wdform-required\">*<\/span><\/div><div class=\"wdform-element-section wd-flex  wd-flex-row wd-width-70\" style=\"max-width: 200px;\"><input type=\"text\" class=\"wd-width-100\" id=\"wdform_2_element10\" name=\"wdform_2_element10\" data-value=\"\" value=\"\" title=\"\" placeholder=\"\"   onchange=\"wd_check_email('2', '10', 'Dies ist keine g\u00fcltige E-Mail-Adresse.')\" \/><\/div><\/div><\/div><\/div><div class=\"wdform_column\"><div wdid=\"3\" class=\"wdform_row\"><div type=\"type_text\" class=\"wdform-field wd-width-100 wd-flex wd-flex-row fm-type_text\" ><div class=\"wdform-label-section wd-width-30  wd-flex-row wd-align-items-center\" style=\"max-width: 100px;\">    <label  for=\"wdform_3_element10\" class=\"wdform-label\">Schule:<\/label><\/div><div class=\"wdform-element-section wd-flex  wd-flex-row wd-align-items-center wd-width-70\" style=\"max-width: 200px;\"><input type=\"text\"                           class=\"wd-width-100\"                           id=\"wdform_3_element10\"                           name=\"wdform_3_element10\"                           value=\"\"                           data-value=\"\"                           title=\"\"                           placeholder=\"\"                                                       \/><\/div><\/div><\/div><\/div><div class=\"wdform_column\"><div style=\"\" class=\"wdform_row\" wdid=\"6\"><div type=\"type_text\" class=\"wdform-field wd-width-100 wd-flex wd-flex-row fm-type_text\" ><div class=\"wdform-label-section wd-width-30  wd-flex-row wd-align-items-center\" style=\"max-width: 100px;\">    <label  for=\"wdform_6_element10\" class=\"wdform-label\">Fach\/F\u00e4cher:<\/label><\/div><div class=\"wdform-element-section wd-flex  wd-flex-row wd-align-items-center wd-width-70\" style=\"max-width: 200px;\"><input type=\"text\"                           class=\"wd-width-100\"                           id=\"wdform_6_element10\"                           name=\"wdform_6_element10\"                           value=\"\"                           data-value=\"\"                           title=\"\"                           placeholder=\"\"                                                       \/><\/div><\/div><\/div><\/div><div class=\"wdform_column\"><div style=\"\" wdid=\"4\" class=\"wdform_row\"><div type=\"type_textarea\" class=\"wdform-field wd-width-100 wd-flex wd-flex-row fm-type_textarea\" ><div class=\"wdform-label-section wd-width-30 \" style=\"max-width: 100px;\">    <label  for=\"wdform_4_element10\" class=\"wdform-label\">Adresse:<\/label><span class=\"wdform-required\">*<\/span><\/div><div class=\"wdform-element-section wd-flex  wd-width-70\" style=\"max-width: 200px;\"><textarea class=\"wd-width-100\"                      id=\"wdform_4_element10\"                      name=\"wdform_4_element10\"                      placeholder=\"\"                      data-value=\"\"                      maxlength=\"\"                      style=\"height: 100px;\"                      ><\/textarea><\/div><\/div><\/div><\/div><div class=\"wdform_column\"><div class=\"wdform_row\" wdid=\"7\"><div type=\"type_textarea\" class=\"wdform-field wd-width-100 wd-flex wd-flex-row fm-type_textarea\" ><div class=\"wdform-label-section wd-width-30 \" style=\"max-width: 100px;\">    <label  for=\"wdform_7_element10\" class=\"wdform-label\">Bemerkungen:<\/label><\/div><div class=\"wdform-element-section wd-flex  wd-width-70\" style=\"max-width: 200px;\"><textarea class=\"wd-width-100\"                      id=\"wdform_7_element10\"                      name=\"wdform_7_element10\"                      placeholder=\"\"                      data-value=\"\"                      maxlength=\"\"                      style=\"height: 100px;\"                      ><\/textarea><\/div><\/div><\/div><\/div><div class=\"wdform_column\"><div style=\"\" wdid=\"5\" class=\"wdform_row\"><div type=\"type_submit_reset\" class=\"wdform-field wd-width-100 wd-flex wd-flex-column fm-type_submit_reset\" ><div class=\"wdform-element-section wd-flex  wd-flex-row wd-width-100\" ><button  type=\"button\" class=\"button-submit\" onclick=\"fm_submit_form('10');\"  data-ajax=\"0\"><span class=\"fm-submit-loading spinner fm-ico-spinner\"><\/span>Abschicken<\/button><button  type=\"button\" class=\"button-reset \" onclick=\"fm_reset_form(10);\" >Zur\u00fccksetzen<\/button><\/div><\/div><\/div><\/div><\/div><div valign=\"top\" class=\"wdform_footer\" style=\"width: 100%;\"><div style=\"width: 100%;\"><div style=\"width: 100%; display: table;\"><div style=\"display: table-row-group;\"><div id=\"10page_nav1\" style=\"display: table-row;\"><\/div><\/div><\/div><\/div><\/div><\/div><\/div><div class=\"wdform_preload\"><\/div><input type=\"hidden\" name=\"fm-current-page\" value=\"https:\/\/www.tkms.ch\/index.php\/wp-json\/wp\/v2\/pages\/94\" \/><\/form><\/div>\n<hr \/>\n<p>&nbsp;<\/p>\n<p><strong>Der Vorstand der TKMS empfiehlt Ihnen auch bei Bildung Thurgau, unserem kantonalem Dachverband, Mitglied zu werden.<\/strong><\/p>\n<p><a href=\"http:\/\/www.bildungthurgau.ch\/\" target=\"_blank\"><img loading=\"lazy\" decoding=\"async\" class=\"alignright wp-image-120 size-medium\" src=\"https:\/\/www.tkms.ch\/wp-content\/uploads\/2015\/11\/Logo_BITG-300x107.png\" alt=\"Logo_BITG\" width=\"300\" height=\"107\" srcset=\"https:\/\/www.tkms.ch\/wp-content\/uploads\/2015\/11\/Logo_BITG-300x107.png 300w, https:\/\/www.tkms.ch\/wp-content\/uploads\/2015\/11\/Logo_BITG.png 419w\" sizes=\"auto, (max-width: 300px) 100vw, 300px\" \/><\/a>Mit der Mitgliedschaft bei Bildung Thurgau ist man automatisch Mitglied des Dachverbands Lehrerinnen und Lehrer Schweiz (LCH). Der LCH ist der wichtigste Interessenvertreter der Deutschschweizer Lehrerschaft und pflegt enge Kontakte mit der EDK und den eidgen\u00f6ssischen Beh\u00f6rden. Der LCH veranlasst regelm\u00e4ssig Umfragen zu Arbeitsbedingungen und Berufszufriedenheit. Zuhanden der Kantone gibt er Empfehlungen zu Lohnerh\u00f6hungen.<\/p>\n<p>In einer Mitgliedschaft beim kantonalen Dachverband Bildung Thurgau ist das Abonnement von BILDUNG THURGAU und BILDUNG SCHWEIZ, sowie eine ganze Palette von Mitgliederverg\u00fcnstigen bei Bildung Thurgau und beim LCH enthalten.<\/p>\n<p>Zus\u00e4tzlich gibt es bei Bildung Thurgau eine gewerkschaftliche Ebene. Bildung Thurgau tritt f\u00fcr attraktive Arbeitsbedingungen ein, unterst\u00fctzt alle Mitglieder bei schulischen Konflikten und bietet bei Bedarf rechtliche Unterst\u00fctzung an.<\/p>\n<p>Die Anzahl Mitglieder der TKMS bei Bildung Thurgau entscheidet \u00fcber die Anzahl Stimmen unserer Teilkonferenz an der Delegiertenversammlung von Bildung Thurgau.<br \/>\nBei Bildung Thurgau kann man sich mit folgendem Link anmelden:<\/p>\n<p><a href=\"http:\/\/bildungthurgau.ch\/\" target=\"_blank\">http:\/\/bildungthurgau.ch<\/a><\/p>\n","protected":false},"excerpt":{"rendered":"<p>Die Thurgauer Konferenz der Mittelschullehrpersonen (TKMS) ist eine Teilkonferenz von Bildung Thurgau und zugleich ein Kantonalverband des Vereins der Schweizerischen Gymnasiallehrerinnen und Gymnasiallehrer (VSG). Wir verstehen uns als Bindeglied zwischen kantonalen (Bildung Thurgau) und eidgen\u00f6ssischen (VSG) Verb\u00e4nden und sind bestrebt, den Informationsfluss zwischen den Verb\u00e4nden und unseren Mitgliedern zu gew\u00e4hrleisten, dies unter besonderer Ber\u00fccksichtigung der &hellip; <a href=\"https:\/\/www.tkms.ch\/index.php\/mitglied-werden\/\" class=\"more-link\"><span class=\"screen-reader-text\">Mitglied werden<\/span> weiterlesen <span class=\"meta-nav\">&rarr;<\/span><\/a><\/p>\n","protected":false},"author":11,"featured_media":0,"parent":0,"menu_order":0,"comment_status":"closed","ping_status":"closed","template":"","meta":{"footnotes":""},"class_list":["post-94","page","type-page","status-publish","hentry"],"_links":{"self":[{"href":"https:\/\/www.tkms.ch\/index.php\/wp-json\/wp\/v2\/pages\/94","targetHints":{"allow":["GET"]}}],"collection":[{"href":"https:\/\/www.tkms.ch\/index.php\/wp-json\/wp\/v2\/pages"}],"about":[{"href":"https:\/\/www.tkms.ch\/index.php\/wp-json\/wp\/v2\/types\/page"}],"author":[{"embeddable":true,"href":"https:\/\/www.tkms.ch\/index.php\/wp-json\/wp\/v2\/users\/11"}],"replies":[{"embeddable":true,"href":"https:\/\/www.tkms.ch\/index.php\/wp-json\/wp\/v2\/comments?post=94"}],"version-history":[{"count":4,"href":"https:\/\/www.tkms.ch\/index.php\/wp-json\/wp\/v2\/pages\/94\/revisions"}],"predecessor-version":[{"id":123,"href":"https:\/\/www.tkms.ch\/index.php\/wp-json\/wp\/v2\/pages\/94\/revisions\/123"}],"wp:attachment":[{"href":"https:\/\/www.tkms.ch\/index.php\/wp-json\/wp\/v2\/media?parent=94"}],"curies":[{"name":"wp","href":"https:\/\/api.w.org\/{rel}","templated":true}]}}